 + 2 = 3. Suppose 6*j - 97 - i = 0. List the prime factors of j.
19
Let x(t) = -3*t - 8 - 6*t + 6*t**2 + t**3 + 0*t**3. Let s(m) = -m**2 - 3*m - 7. Let l be s(-3). List the prime factors of x(l).
2, 3
Let d(h) = -h**2 + 2*h. Let x be d(3). Suppose -2*i + 0 + 4 = 0. List the prime factors of ((-8)/2)/(x + i).
2
Suppose 0 = -4*g - 5*o - 13, 0 = -2*g + 5*o - 0 + 1. Let u be -2*g*177/12. Suppose 0 = 3*c + 2 - u. What are the prime factors of c?
19
Let b(f) = -f - 4. Let v be b(-6). Suppose 2*z = -v*z - 4. What are the prime factors of (6 - 5)/(z/(-27))?
3
Let x = -3916 + 6727. What are the prime factors of x?
3, 937
Let o = -1281 + 2342. What are the prime factors of o?
1061
Let m = -1090 - -2280. What are the prime factors of m?
2, 5, 7, 17
What are the prime factors of (-5164)/6*((-108)/(-8))/(-9)?
1291
Suppose -35 = -5*h - k, -3*k + 5*k = -2*h + 22. Suppose 2 + 10 = 3*s - 2*n, -3*s = n - 3. What are the prime factors of (-111)/(-9)*h/s?
37
Suppose -m + 219 = -298. List the prime factors of m.
11, 47
Let b(u) = -6*u + 10. Let f be -2*1/((-4)/(-18)). What are the prime factors of b(f)?
2
Suppose 1569 = 3*w - 327. List the prime factors of w.
2, 79
List the prime factors of 8/(-10)*(-200 + 5).
2, 3, 13
Let w be (-9)/3*-1*1. Suppose w*j + 4*q - 8 = j, 3*j - 2*q = 4. Suppose h = j*v + 22, -5*h + 0*v + 83 = -v. What are the prime factors of h?
2
Let p be (-1 + 1/2)*-70. List the prime factors of (4/1 - p)*-1.
31
Let c(l) = 187 - 72 - 15*l - 58 - 72. What are the prime factors of c(-19)?
2, 3, 5
Let s(z) = 13*z**2 + 8*z - 14. What are the prime factors of s(6)?
2, 251
Suppose 5*j = -l - 0*j - 31, 5*j = -3*l - 123. Let x = 91 + l. List the prime factors of x.
3, 5
Let h = -890 - -1410. Suppose -h = -54*x + 50*x. What are the prime factors of x?
2, 5, 13
Suppose -j = -5, 5*n - 3*j + 45 = -0*j. Let i(u) = u**2 + 5*u + 9. Let v be i(n). Suppose -3*f = 2*z - 19 - 27, -3*z + v = 0. What are the prime factors of f?
2, 3
Let l = 798 - 462. List the prime factors of l.
2, 3, 7
Let h(d) be the second derivative of -d**5/20 + 11*d**4/12 - 3*d**3/2 + 13*d**2/2 - 9*d. List the prime factors of h(10).
23
List the prime factors of (-1 + (-39)/(-6))/((-6)/(-912)).
2, 11, 19
Let a(z) = z**2 + 9*z - 5. Let u be a(-9). Let p be 1/u - (-306)/30. Let d = p - 4. List the prime factors of d.
2, 3
Suppose 4*s - 304 = -u, 0*s + 4*u + 324 = 4*s. Suppose -5*g + 193 + s = 0. Suppose -3*j = -3*p + g, -j + 6 = p - 6*j. List the prime factors of p.
3, 7
Let j = 9 + 8. Suppose 3*s = 121 + j. List the prime factors of s.
2, 23
Suppose -j + 4 = j. Suppose -j*t = 5*l - 6*t - 1, -2*l = t + 10. List the prime factors of (0 - (l + 2)) + 17.
2, 3
What are the prime factors of 2238 + (190/57)/((-2)/3)?
7, 11, 29
Suppose 0 = 4*y - x - 390, -4*x = 6*y - 5*y - 89. Let o = y - 58. What are the prime factors of o?
3, 13
Let g(i) = -i**3 + 2*i**2 + 6*i - 48. List the prime factors of g(-10).
2, 3, 7, 13
Let b be 27/36 + (-50)/(-8). Suppose -4*d = -b*d - 69. Let j = d + 34. What are the prime factors of j?
11
Suppose 36*k - 58893 = -17493. What are the prime factors of k?
2, 5, 23
Suppose 748 = 20*g - 9452. List the prime factors of g.
2, 3, 5, 17
Let f(i) = i + 21. Let o be f(-23). Let x(r) = -2*r**2 + 5*r - 4. Let b be x(2). List the prime factors of (1 - b)*(9 + o).
3, 7
Suppose 3*x = -x - 5*n + 60, 2*x - 12 = 2*n. Suppose -g + 43 = x. List the prime factors of g.
3, 11
Let o(i) = 4*i**2 + 4*i + 17. Let v(u) = 5*u**2 + 3*u + 16. Let q(h) = 3*o(h) - 2*v(h). List the prime factors of q(-9).
127
Suppose 3*u + 23 + 115 = 5*q, -5*u = -q + 208. Suppose -231 = 4*o - 14*v + 13*v, 0 = -2*o - 3*v - 133. Let c = u - o. List the prime factors of c.
2, 3
Let y = 27 + -14. Let a(w) = 5 - y*w + 12 + 11*w. What are the prime factors of a(-7)?
31
Suppose -3*z - 1 = 8. What are the prime factors of 3 - (71 + z)*-1?
71
Suppose 0*m - 2*m - 4 = 0, 20 = i + 2*m. What are the prime factors of i?
2, 3
Let n be (44/(-12))/(2/(-54)). Suppose -4*l + n = -0*s + 3*s, 5*l - 120 = -3*s. List the prime factors of l.
3, 7
Let n(g) = -824*g**3 + 2*g**2 - 5*g - 7. What are the prime factors of n(-1)?
2, 103
Let p = -35 - -28. Let c(i) = -19*i - 13. List the prime factors of c(p).
2, 3, 5
Let q(h) = 2*h + 112. List the prime factors of q(-37).
2, 19
Suppose -2*c - 1970 + 5930 = 0. What are the prime factors of c?
2, 3, 5, 11
Let y be -3 - (-2 + -3 + -4). Suppose -y*z - 216 = -9*z. What are the prime factors of z?
2, 3
Suppose -282 = -2*x - 3*s + 308, 4*s - 285 = -x. Let i = x + -133. List the prime factors of i.
2, 3, 7
Suppose -5*l - 319 = -4*u, -l - 67 = -0*u - 4*u. Let h = l + 160. List the prime factors of h.
97
Let r = 12 - 4. Let c = 7 - r. List the prime factors of 4 - c/(-1)*2.
2
Suppose r + 145 = 3*r - n, -r = 5*n - 100. Suppose 5*c = 3*u + c - 215, -u + 2*c + r = 0. What are the prime factors of u?
5, 13
What are the prime factors of 348/9*162/4?
2, 3, 29
Let b be (-2)/3 - (23064/(-18))/(-4). Let l = b + 477. What are the prime factors of l?
2, 3, 13
Suppose 5*d + 2*g + 4 = 0, d = -4*d - 5*g - 10. Suppose -5*a + 4*r + 285 = d, -4*a - 6*r + 2*r = -264. List the prime factors of a.
61
Let v(b) = -106*b**3 + 3*b**2 + 13*b + 21. List the prime factors of v(-2).
3, 5, 19
Let k(a) = -a**3 + 10*a**2 + 5*a - 13. Let n be k(6). Let f = n - 85. What are the prime factors of f?
2, 19
Let j(k) = 73*k - 357. What are the prime factors of j(21)?
2, 3, 7
Let f = -598 + 870. List the prime factors of f.
2, 17
Suppose -4*s - 4 = 0, -4*s - 110 = -2*t + 126. Let v be -1 - 3/(-2)*t. Suppose -4*c = -27 - v. List the prime factors of c.
2, 5
Suppose 14*w = 22*w - 3104. List the prime factors of w.
2, 97
Suppose 2*i + 6*i = 24. Suppose -3*c - 372 = -2*f + 33, i*f + c = 591. List the prime factors of f.
2, 3, 11
Let u(z) = -3*z + 1420. List the prime factors of u(0).
2, 5, 71
Let x(f) be the first derivative of -f**4/24 + 17*f**3/6 + 7*f**2 - 8. Let w(g) be the second derivative of x(g). List the prime factors of w(0).
17
Suppose f = 3*o + 39, 4*f + 3*o + 70 = 271. Let a = 212 - f. What are the prime factors of a?
2, 41
Suppose 0 = 9*v - 4661 - 1666. What are the prime factors of v?
19, 37
Let z(x) = -2*x + 1. Let u be z(-7). Let d(f) = -13*f + u - 2*f**2 + 2*f**2 - f**2. List the prime factors of d(-12).
3
Let v(d) = 6*d**2 + 13*d + 15. List the prime factors of v(12).
3, 5, 23
Suppose 3 = -4*t + 2*h - 7, 3*t = 2*h - 6. List the prime factors of (-158)/((-72)/135 - t/(-30)).
3, 79
Suppose -3*u = -19*u + 5760. What are the prime factors of u?
2, 3, 5
Let h = 20 - -250. List the prime factors of h.
2, 3, 5
Suppose -25*s + 27*s - 2664 = 0. What are the prime factors of s?
2, 3, 37
Suppose 0 = 5*j - 3*j - 16. Let o be (j/20)/((-1)/(-5)). Suppose o*x - 114 = -4*n, 5*n - 3*x = -0*n + 115. List the prime factors of n.
2, 13
Let h(o) = -o**2 + 48*o + 136. List the prime factors of h(27).
19, 37
Suppose -2*v = -296 - 250. List the prime factors of v.
3, 7, 13
Let t(i) = i**3 - 3*i**2 - 2*i + 4. Let k be t(4). Let u be (1 + 0)*-1*-3. List the prime factors of k - (1 + u)/2.
2, 5
Let v = -18 - -18. Let k(z) be the second derivative of z**5/20 + z**4/12 + z**3/6 + 5*z**2 + z. List the prime factors of k(v).
2, 5
Let f(o) = 7*o**2 - 13*o - 33. Let q(c) = -c - 8. Let n be q(-3). List the prime factors of f(n).
3, 23
Let f = 115 + -109. Let h be (2 - 2) + 29*1. Let o = h - f. List the prime factors of o.
23
What are the prime factors of (21 - (7 + -16))*(-716)/(-10)?
2, 3, 179
Let m be 6/9 + 590/15. Suppose -5*w = -b - 24, -3*w + 3*b - 16 + m = 0. List the prime factors of w.
2
Let a = 5007 + -2910. List the prime factors of a.
3, 233
Let j = 15 - 22. Let p(w) = w**3 + 10*w**2 + 6*w - 4. List the prime factors of p(j).
101
Suppose 5*m - 15 = -c + 2*c, 15 = -5*c + 5*m. Suppose -6*f + 4*f + 174 = c. List the prime factors of f.
3, 29
What are the prime factors of 1442/(-1030) - (-437)/5?
2, 43
Suppose -5*z + 1558 = 2*r - 4089, -r + 2828 = -2*z. What are the prime factors of r?
2, 3, 157
Let q be ((-27)/(-12))/(3/36). Suppose -5*j + 2*g = -q, 17 = 4*j - g + 4*g. List the prime factors of j.
5
Suppose 5*k - 35 = -5*c, 5*c = 2*k + 11 - 46. What are the prime factors of 1 + -2 + 4 + k/10?
2
Let n(d) = 602*d**2 + 5*d + 11. What are the prime factors of n(-2)?